6 and 3296?
412
Calculate the highest common factor of 2913550170 and 9510.
9510
What is the greatest common factor of 32 and 3752032?
32
Calculate the highest common divisor of 2006748 and 214812.
1836
What is the greatest common divisor of 34156640 and 4480?
1120
Calculate the greatest common factor of 45100 and 255184.
164
Calculate the greatest common factor of 97373275 and 30769.
1061
Calculate the greatest common divisor of 51 and 3076073721.
51
What is the highest common factor of 2484 and 9448308?
828
Calculate the greatest common factor of 286812 and 18724.
124
What is the greatest common divisor of 85100 and 22121745?
4255
Calculate the highest common factor of 180 and 2975628.
12
What is the highest common divisor of 2824 and 20369512?
2824
What is the highest common factor of 485936257 and 3011?
3011
What is the greatest common divisor of 66864569 and 2692?
673
What is the highest common factor of 115799156 and 2572?
2572
Calculate the greatest common divisor of 51017 and 14399.
17
What is the highest common factor of 12 and 101189472?
12
What is the greatest common factor of 4465 and 27555130?
95
Calculate the highest common factor of 4808159 and 2103.
701
Calculate the highest common factor of 23999 and 521920.
233
What is the highest common factor of 2076769 and 46393?
2729
Calculate the greatest common factor of 32 and 48231164.
4
What is the highest common factor of 21326092 and 204?
68
Calculate the greatest common factor of 2508 and 3249494.
38
Calculate the greatest common factor of 102870183 and 1209.
1209
Calculate the greatest common factor of 32732 and 880334.
98
What is the highest common factor of 1861 and 28530991?
1861
What is the greatest common factor of 11433318 and 26?
26
Calculate the greatest common divisor of 2632274 and 43852.
1154
Calculate the highest common divisor of 961 and 9443902.
31
What is the highest common factor of 280 and 7407770?
10
What is the highest common factor of 2990887 and 531?
59
What is the highest common divisor of 22260359 and 319?
11
Calculate the greatest common factor of 4404696 and 51849.
2469
Calculate the greatest common divisor of 200802 and 25431.
147
Calculate the greatest common factor of 137105 and 5665.
5
What is the greatest common divisor of 18524913 and 207?
69
What is the greatest common divisor of 944 and 1229147?
59
Calculate the greatest common divisor of 20020 and 3878.
14
Calculate the greatest common divisor of 19992 and 8198760.
408
What is the greatest common divisor of 11774885 and 13795?
155
What is the greatest common factor of 163173 and 6959553?
1497
Calculate the greatest common factor of 162609 and 3819.
201
What is the highest common divisor of 1503030 and 103710?
30
Calculate the greatest common divisor of 376 and 654216.
8
What is the greatest common divisor of 93055 and 133940?
185
Calculate the highest common divisor of 1792 and 2976256.
256
What is the greatest common factor of 17380594 and 65527?
1771
What is the greatest common divisor of 303313817 and 1011?
337
Calculate the highest common factor of 55941988 and 542.
542
Calculate the greatest common factor of 98700 and 33180.
420
Calculate the greatest common divisor of 110 and 1463198.
22
Calculate the highest common divisor of 84 and 2508549.
3
Calculate the highest common divisor of 9263405 and 30.
5
Calculate the highest common divisor of 5411192 and 2097.
233
Calculate the highest common factor of 1160 and 22691485.
145
Calculate the greatest common divisor of 136591788 and 568.
284
What is the highest common divisor of 1892922 and 51?
3
Calculate the highest common divisor of 75425 and 180510127.
3017
What is the greatest common factor of 1012 and 146938352?
1012
What is the highest common factor of 2511 and 173631?
93
Calculate the highest common factor of 70355606 and 898.
898
What is the highest common factor of 2838 and 5238561?
129
Calculate the highest common factor of 777 and 134260827.
111
Calculate the greatest common factor of 1894 and 4767198.
1894
What is the greatest common factor of 1054590 and 1680?
30
Calculate the highest common factor of 4851 and 3848922.
693
Calculate the greatest common factor of 864 and 43965531.
27
What is the greatest common factor of 339228 and 418800?
4188
What is the greatest common divisor of 36856 and 665040?
136
What is the greatest common factor of 4199855 and 9405?
1045
Calculate the greatest common divisor of 91717 and 789661.
2237
What is the greatest common factor of 435 and 3872973345?
435
What is the greatest common divisor of 14004750 and 852?
426
Calculate the highest common divisor of 19260 and 165615.
15
Calculate the greatest common factor of 2470 and 76240008.
494
What is the highest common divisor of 297813 and 12099?
111
Calculate the greatest common factor of 704786 and 1938.
646
Calculate the greatest common factor of 30456 and 5461506.
162
What is the highest common divisor of 4255 and 47334322?
851
What is the greatest common divisor of 64 and 1469252?
4
Calculate the greatest common factor of 287825 and 5921075.
725
What is the highest common factor of 188 and 269571038?
94
Calculate the highest common divisor of 96672 and 2635319.
1007
What is the highest common factor of 10135440 and 1344?
336
What is the greatest common factor of 25575704 and 14?
14
What is the highest common factor of 3375 and 1437858?
27
Calculate the greatest common divisor of 21066831 and 27.
27
Calculate the greatest common factor of 4223 and 135833.
41
What is the highest common factor of 115291 and 1157563?
517
Calculate the greatest common divisor of 6019472353 and 109.
109
What is the greatest common divisor of 31568850 and 85994?
4526
What is the highest common factor of 63228 and 60676?
44
Calculate the greatest common divisor of 118960845 and 4020.
1005
What is the greatest common factor of 176 and 127912796?
44
What is the greatest common factor of 177730173 and 135?
27
Calculate the highest common divisor of 133541200 and 5052.
1684
Calculate the greatest common divisor of 22593 and 752214.
1329
What is the greatest common divisor of 3566560 and 56?
8
What is the highest common factor of 9 and 3003003819?
9
What is the highest common factor of 3325288 and 32?
8
What is the greatest common divisor of 1101464 and 341938?
3026
Calculate the greatest common factor of 250134 and 17813.
47
What is the highest common divisor of 907979 and 91015?
167
Calculate the highest common divisor of 8880 and 2785545.
555
What is the greatest common factor of 819 and 66959334?
117
What is the greatest common divisor of 200851533 and 3?
3
What is the highest common factor of 941443791 and 9483?
9483
Calculate the greatest common factor of 59275125 and 4725.
4725
What is the highest common divisor of 111 and 1224478?
37
What is the greatest common factor of 353224 and 15812?
268
Calculate the highest common divisor of 242540 and 42545.
335
Calculate the highest common factor of 42 and 10050006.
6
What is the greatest common divisor of 103434580 and 220?
20
Calculate the highest common factor of 22841024 and 4071.
1357
Calculate the highest common divisor of 1793722 and 328538.
434
What is the greatest common divisor of 2558763 and 194?
97
What is the highest common factor of 2324068 and 16?
4
Calculate the greatest common divisor of 28 and 3013489.
1
What is the greatest common divisor of 12315130 and 10?
10
Calculate the highest common factor of 3194228 and 820.
164
Calculate the highest common divisor of 57390 and 4977626.
3826
Calculate the greatest common divisor of 738253392 and 48.
48
What is the highest common divisor of 137553920 and 1024?
1024
What is the highest common factor of 707802257 and 1931?
1931
What is the highest common factor of 407962 and 21158?
298
Calculate the greatest common factor of 13 and 28643524.
13
Calculate the greatest common factor of 4880664 and 93492.
1908
Calculate the highest common factor of 10663331 and 1225.
49
Calculate the highest common divisor of 12126341 and 381.
127
What is the highest common factor of 1658249 and 3934517?
6119
What is the highest common factor of 72427 and 64320?
67
What is the highest common factor of 190545798 and 54?
6
What is the greatest common factor of 560168 and 1372?
196
What is t